{"id":729,"date":"2020-08-18T07:47:50","date_gmt":"2020-08-18T07:47:50","guid":{"rendered":"https:\/\/www.my-bean.at\/?product=import-placeholder-for-2734"},"modified":"2025-01-16T14:16:52","modified_gmt":"2025-01-16T14:16:52","slug":"viva-la-mexico","status":"publish","type":"product","link":"https:\/\/www.my-bean.at\/?product=viva-la-mexico","title":{"rendered":"Viva la Mexico"},"content":{"rendered":"<p>Kaffee mit Charakter<\/p>\n<p>Kaffee aus Mexiko \u00fcberzeugt vor allem durch seine Ausgewogenheit, einen ausgepr\u00e4gten K\u00f6rper und die zur\u00fcckhaltende S\u00e4ure. Die charakterstarken Bohnen sind aromatisch, zugleich aber angenehm mild im Geschmack.<\/p>\n","protected":false},"excerpt":{"rendered":"<p>Kaffee mit Charakter Kaffee aus Mexiko \u00fcberzeugt vor allem durch seine Ausgewogenheit, einen ausgepr\u00e4gten K\u00f6rper und die zur\u00fcckhaltende S\u00e4ure. Die charakterstarken Bohnen sind aromatisch, zugleich aber angenehm mild im Geschmack.<\/p>\n","protected":false},"featured_media":3534,"comment_status":"closed","ping_status":"closed","template":"","meta":{"neve_meta_sidebar":"","neve_meta_container":"","neve_meta_enable_content_width":"off","neve_meta_content_width":70,"neve_meta_title_alignment":"","neve_meta_author_avatar":"","neve_post_elements_order":"","neve_meta_disable_header":"","neve_meta_disable_footer":"","neve_meta_disable_title":"","pgc_sgb_lightbox_settings":"","_ti_tpc_template_sync":false,"_ti_tpc_template_id":""},"product_cat":[25],"product_tag":[],"_links":{"self":[{"href":"https:\/\/www.my-bean.at\/index.php?rest_route=\/wp\/v2\/product\/729"}],"collection":[{"href":"https:\/\/www.my-bean.at\/index.php?rest_route=\/wp\/v2\/product"}],"about":[{"href":"https:\/\/www.my-bean.at\/index.php?rest_route=\/wp\/v2\/types\/product"}],"replies":[{"embeddable":true,"href":"https:\/\/www.my-bean.at\/index.php?rest_route=%2Fwp%2Fv2%2Fcomments&post=729"}],"wp:featuredmedia":[{"embeddable":true,"href":"https:\/\/www.my-bean.at\/index.php?rest_route=\/wp\/v2\/media\/3534"}],"wp:attachment":[{"href":"https:\/\/www.my-bean.at\/index.php?rest_route=%2Fwp%2Fv2%2Fmedia&parent=729"}],"wp:term":[{"taxonomy":"product_cat","embeddable":true,"href":"https:\/\/www.my-bean.at\/index.php?rest_route=%2Fwp%2Fv2%2Fproduct_cat&post=729"},{"taxonomy":"product_tag","embeddable":true,"href":"https:\/\/www.my-bean.at\/index.php?rest_route=%2Fwp%2Fv2%2Fproduct_tag&post=729"}],"curies":[{"name":"wp","href":"https:\/\/api.w.org\/{rel}","templated":true}]}}