{"id":693,"date":"2020-08-18T07:47:46","date_gmt":"2020-08-18T07:47:46","guid":{"rendered":"https:\/\/www.my-bean.at\/?product=import-placeholder-for-2434"},"modified":"2025-01-16T14:44:13","modified_gmt":"2025-01-16T14:44:13","slug":"kafa-urkaffee","status":"publish","type":"product","link":"https:\/\/www.my-bean.at\/?product=kafa-urkaffee","title":{"rendered":"KAFA Urkaffee"},"content":{"rendered":"<p>100% Arabica &#8211; Trommelr\u00f6stung<br \/>\n\u00c4thiopischer Kaffee aus der Ursprungsregion des Arabica\u00b4s mit einem einzigartigen Aroma!<br \/>\nW\u00e4chst in einem 760.000ha gro\u00dfem Biosp\u00e4hrenreserrvat &#8211; aufgenommen in das UNESCO-Netzwerk!<\/p>\n","protected":false},"excerpt":{"rendered":"<p>100% Arabica &#8211; Trommelr\u00f6stung \u00c4thiopischer Kaffee aus der Ursprungsregion des Arabica\u00b4s mit einem einzigartigen Aroma! W\u00e4chst in einem 760.000ha gro\u00dfem Biosp\u00e4hrenreserrvat &#8211; aufgenommen in das UNESCO-Netzwerk!<\/p>\n","protected":false},"featured_media":3532,"comment_status":"closed","ping_status":"closed","template":"","meta":{"neve_meta_sidebar":"","neve_meta_container":"","neve_meta_enable_content_width":"off","neve_meta_content_width":70,"neve_meta_title_alignment":"","neve_meta_author_avatar":"","neve_post_elements_order":"","neve_meta_disable_header":"","neve_meta_disable_footer":"","neve_meta_disable_title":"","pgc_sgb_lightbox_settings":"","_ti_tpc_template_sync":false,"_ti_tpc_template_id":""},"product_cat":[25],"product_tag":[],"_links":{"self":[{"href":"https:\/\/www.my-bean.at\/index.php?rest_route=\/wp\/v2\/product\/693"}],"collection":[{"href":"https:\/\/www.my-bean.at\/index.php?rest_route=\/wp\/v2\/product"}],"about":[{"href":"https:\/\/www.my-bean.at\/index.php?rest_route=\/wp\/v2\/types\/product"}],"replies":[{"embeddable":true,"href":"https:\/\/www.my-bean.at\/index.php?rest_route=%2Fwp%2Fv2%2Fcomments&post=693"}],"wp:featuredmedia":[{"embeddable":true,"href":"https:\/\/www.my-bean.at\/index.php?rest_route=\/wp\/v2\/media\/3532"}],"wp:attachment":[{"href":"https:\/\/www.my-bean.at\/index.php?rest_route=%2Fwp%2Fv2%2Fmedia&parent=693"}],"wp:term":[{"taxonomy":"product_cat","embeddable":true,"href":"https:\/\/www.my-bean.at\/index.php?rest_route=%2Fwp%2Fv2%2Fproduct_cat&post=693"},{"taxonomy":"product_tag","embeddable":true,"href":"https:\/\/www.my-bean.at\/index.php?rest_route=%2Fwp%2Fv2%2Fproduct_tag&post=693"}],"curies":[{"name":"wp","href":"https:\/\/api.w.org\/{rel}","templated":true}]}}